{"id":497,"date":"2022-04-05T14:48:27","date_gmt":"2022-04-05T11:48:27","guid":{"rendered":"https:\/\/www.akemkimya.com.tr\/satis\/?post_type=product&#038;p=497"},"modified":"2026-02-10T13:58:47","modified_gmt":"2026-02-10T10:58:47","slug":"plas-p-aircraft-type-2","status":"publish","type":"product","link":"https:\/\/www.akemkimya.com.tr\/satis\/urun\/plas-p-aircraft-type-2\/","title":{"rendered":"PLAS P AIRCRAFT TYPE 2"},"content":{"rendered":"<p>A\u015f\u0131r\u0131 k\u0131\u015f ko\u015fullar\u0131nda bile, pistlerin a\u00e7\u0131k olmas\u0131 ve kalk\u0131\u015ftan \u00f6nce u\u00e7a\u011f\u0131n y\u00fczeylerinde buz ve kar olmamas\u0131 gerekir. Bu nedenle AKEM K\u0130MYA , Buz \u00c7\u00f6z\u00fcc\u00fc \/ Buzlanma \u00d6nleyici S\u0131v\u0131lar\u0131 geli\u015ftirmi\u015ftir. Bu \u00fcr\u00fcnlerin kalitesine ve g\u00fcvenilirli\u011fine titiz standartlar uyguluyoruz. Bu standartlara ula\u015f\u0131l\u0131rken \u00e7evrenin korunmas\u0131na e\u015fit \u00f6ncelik verilmektedir.<\/p>\n<h4><a href=\"https:\/\/akemkimya.com.tr\/plasaitcraft.html#\"> De \/ Anti-icing ;<\/a><\/h4>\n<p>Buzlanma ko\u015fullar\u0131, hava s\u0131cakl\u0131\u011f\u0131n\u0131n donma noktas\u0131n\u0131n alt\u0131na d\u00fc\u015ft\u00fc\u011f\u00fcnde, nemin ya\u011f\u0131\u015f \u015fekline d\u00f6n\u00fc\u015ft\u00fc\u011f\u00fc veya yo\u011funla\u015ft\u0131\u011f\u0131 zaman beklenebilir. Bu ya\u011f\u0131\u015f, ya\u011fmur, sulu kar veya kar \u015feklinde olabilir. Ayn\u0131 zamanda buzlanma, sisin yo\u011funla\u015fmas\u0131 sonucu da meydana gelebilir. Buzlanma olaylar\u0131 genellikle sert hava ko\u015fullar\u0131nda olu\u015fur. Bununla beraber d\u0131\u015f ortam s\u0131cakl\u0131\u011f\u0131, donma noktas\u0131n\u0131n \u00fczerinde bile olsa, e\u011fer u\u00e7ak y\u00fczeyi donma noktas\u0131n\u0131n alt\u0131ndaysa ve havada nem varsa buzlanma meydana gelebilir. \u00c7iseleyen ya\u011fmur, 0\u00b0C alt\u0131nda bulunan u\u00e7ak y\u00fczeyine d\u00fc\u015ft\u00fc\u011f\u00fc zaman, kanat \u00fczerlerinde saydam buz tabakas\u0131 olu\u015fur.<\/p>\n<p>U\u00e7a\u011f\u0131n performans\u0131nda, kirlenmemi\u015f ve temiz u\u00e7ak y\u00fczeyleri olduk\u00e7a \u00f6nemlidir. U\u00e7ak y\u00fczeyinde buz, don ve kar toplanmas\u0131 u\u00e7a\u011f\u0131n a\u011f\u0131rl\u0131\u011f\u0131n\u0131 artt\u0131rarak, u\u00e7a\u011f\u0131n havalanmas\u0131 esnas\u0131nda ve \u00e7ekme kuvvetlerinde \u00f6nemli bir rol oynar. Aksi takdirde emniyetli bir u\u00e7u\u015f m\u00fcmk\u00fcn de\u011fildir.<\/p>\n<p>K\u0131sacas\u0131 u\u00e7u\u015fa haz\u0131r bir u\u00e7a\u011f\u0131n y\u00fczeylerinde kesinlikle buz, kar, don ve sulu kar (tam erimemi\u015f buz veya kar) bulunmamal\u0131d\u0131r.<\/p>\n<p>&nbsp;<\/p>\n<h4><a href=\"https:\/\/akemkimya.com.tr\/plasaitcraft.html#\"> De-icing ( Buz giderici i\u015flem ) ;<\/a><\/h4>\n<p>U\u00e7ak \u00fczerinde ve kanatlar\u0131nda bulunan buz, don, kar gibi etkenlerin temizlenmesi i\u00e7in yap\u0131lan i\u015flemdir. Bu i\u015flemde s\u0131cak su ile de-icing s\u0131v\u0131s\u0131n\u0131n kar\u0131\u015f\u0131m\u0131 u\u00e7a\u011f\u0131n d\u0131\u015f y\u00fczeyine uygulan\u0131r.<\/p>\n<p>De-icing s\u0131v\u0131s\u0131 , u\u00e7a\u011f\u0131n d\u0131\u015f y\u00fczeyini buz,don,kar gibi etkenlerden koruma i\u00e7in kullan\u0131lmaz.<\/p>\n<h4><a href=\"https:\/\/akemkimya.com.tr\/plasaitcraft.html#\">Anti-icing ( Buz \u00f6nleyici i\u015flem ) ;<\/a><\/h4>\n<p>U\u00e7ak \u00fczerinde kar, don ve buzun toplanmas\u0131n\u0131 ve yap\u0131\u015fmas\u0131n\u0131 belirli bir zaman ( holdover time = koruma s\u00fcresi ) \u00f6nlemek amac\u0131yla yap\u0131lan i\u015flemdir. Bu i\u015flemde anti-icing s\u0131v\u0131s\u0131 , su kar\u0131\u015f\u0131m\u0131 veya sadece anti-icing s\u0131v\u0131s\u0131 u\u00e7a\u011fa tatbik edilir.<\/p>\n<h5><a href=\"https:\/\/akemkimya.com.tr\/plasaitcraft.html#\">\u0130\u015flem s\u0131ras\u0131n da ;<\/a><\/h5>\n<p>TYPE I &#8211; II &#8211; III &#8211; IV De-icing ve Anti-icing s\u0131v\u0131lar kullan\u0131l\u0131r. \u0130\u015flem u\u00e7ak kalkmadan k\u0131sa bir s\u00fcre \u00f6nce pist ba\u015f\u0131na yak\u0131n bir noktada ger\u00e7ekle\u015ftirilir.<\/p>\n","protected":false},"excerpt":{"rendered":"<p>Fiyatlar\u0131m\u0131za Kdv %20 Dahildir.<\/p>\n<p>Ambalaj 30 Kg Bidon<\/p>\n<p>Kargo Al\u0131c\u0131ya Aittir.<\/p>\n<p>Mng Kargo veya Aras Kargo ile G\u00f6nderilir.<\/p>\n","protected":false},"featured_media":495,"comment_status":"open","ping_status":"closed","template":"","meta":[],"product_brand":[],"product_cat":[19],"product_tag":[83,86,84,87,85],"class_list":{"0":"post-497","1":"product","2":"type-product","3":"status-publish","4":"has-post-thumbnail","6":"product_cat-buz-cozucu-solusyonlar","7":"product_tag-aircraft","8":"product_tag-antiicing","9":"product_tag-de-icing","10":"product_tag-de-icing-fluid","11":"product_tag-deicing","13":"first","14":"instock","15":"sold-individually","16":"shipping-taxable","17":"purchasable","18":"product-type-simple"},"yoast_head":"<!-- This site is optimized with the Yoast SEO plugin v27.4 - https:\/\/yoast.com\/product\/yoast-seo-wordpress\/ -->\n<title>PLAS P AIRCRAFT TYPE 2 | Akem Kimya<\/title>\n<meta name=\"robots\" content=\"index, follow, max-snippet:-1, max-image-preview:large, max-video-preview:-1\" \/>\n<link rel=\"canonical\" href=\"https:\/\/www.akemkimya.com.tr\/satis\/urun\/plas-p-aircraft-type-2\/\" \/>\n<meta property=\"og:locale\" content=\"tr_TR\" \/>\n<meta property=\"og:type\" content=\"article\" \/>\n<meta property=\"og:title\" content=\"PLAS P AIRCRAFT TYPE 2 | Akem Kimya\" \/>\n<meta property=\"og:description\" content=\"Fiyatlar\u0131m\u0131za Kdv %20 Dahildir.  Ambalaj 30 Kg Bidon  Kargo Al\u0131c\u0131ya Aittir.  Mng Kargo veya Aras Kargo ile G\u00f6nderilir.\" \/>\n<meta property=\"og:url\" content=\"https:\/\/www.akemkimya.com.tr\/satis\/urun\/plas-p-aircraft-type-2\/\" \/>\n<meta property=\"og:site_name\" content=\"Akem Kimya\" \/>\n<meta property=\"article:modified_time\" content=\"2026-02-10T10:58:47+00:00\" \/>\n<meta property=\"og:image\" content=\"https:\/\/www.akemkimya.com.tr\/satis\/wp-content\/uploads\/2022\/04\/1_page-0001.jpg\" \/>\n\t<meta property=\"og:image:width\" content=\"1275\" \/>\n\t<meta property=\"og:image:height\" content=\"1650\" \/>\n\t<meta property=\"og:image:type\" content=\"image\/jpeg\" \/>\n<meta name=\"twitter:card\" content=\"summary_large_image\" \/>\n<meta name=\"twitter:label1\" content=\"Tahmini okuma s\u00fcresi\" \/>\n\t<meta name=\"twitter:data1\" content=\"2 dakika\" \/>\n<script type=\"application\/ld+json\" class=\"yoast-schema-graph\">{\"@context\":\"https:\\\/\\\/schema.org\",\"@graph\":[{\"@type\":\"WebPage\",\"@id\":\"https:\\\/\\\/www.akemkimya.com.tr\\\/satis\\\/urun\\\/plas-p-aircraft-type-2\\\/\",\"url\":\"https:\\\/\\\/www.akemkimya.com.tr\\\/satis\\\/urun\\\/plas-p-aircraft-type-2\\\/\",\"name\":\"PLAS P AIRCRAFT TYPE 2 | Akem Kimya\",\"isPartOf\":{\"@id\":\"https:\\\/\\\/www.akemkimya.com.tr\\\/satis\\\/#website\"},\"primaryImageOfPage\":{\"@id\":\"https:\\\/\\\/www.akemkimya.com.tr\\\/satis\\\/urun\\\/plas-p-aircraft-type-2\\\/#primaryimage\"},\"image\":{\"@id\":\"https:\\\/\\\/www.akemkimya.com.tr\\\/satis\\\/urun\\\/plas-p-aircraft-type-2\\\/#primaryimage\"},\"thumbnailUrl\":\"https:\\\/\\\/www.akemkimya.com.tr\\\/satis\\\/wp-content\\\/uploads\\\/2022\\\/04\\\/1_page-0001.jpg\",\"datePublished\":\"2022-04-05T11:48:27+00:00\",\"dateModified\":\"2026-02-10T10:58:47+00:00\",\"breadcrumb\":{\"@id\":\"https:\\\/\\\/www.akemkimya.com.tr\\\/satis\\\/urun\\\/plas-p-aircraft-type-2\\\/#breadcrumb\"},\"inLanguage\":\"tr\",\"potentialAction\":[{\"@type\":\"ReadAction\",\"target\":[\"https:\\\/\\\/www.akemkimya.com.tr\\\/satis\\\/urun\\\/plas-p-aircraft-type-2\\\/\"]}]},{\"@type\":\"ImageObject\",\"inLanguage\":\"tr\",\"@id\":\"https:\\\/\\\/www.akemkimya.com.tr\\\/satis\\\/urun\\\/plas-p-aircraft-type-2\\\/#primaryimage\",\"url\":\"https:\\\/\\\/www.akemkimya.com.tr\\\/satis\\\/wp-content\\\/uploads\\\/2022\\\/04\\\/1_page-0001.jpg\",\"contentUrl\":\"https:\\\/\\\/www.akemkimya.com.tr\\\/satis\\\/wp-content\\\/uploads\\\/2022\\\/04\\\/1_page-0001.jpg\",\"width\":1275,\"height\":1650},{\"@type\":\"BreadcrumbList\",\"@id\":\"https:\\\/\\\/www.akemkimya.com.tr\\\/satis\\\/urun\\\/plas-p-aircraft-type-2\\\/#breadcrumb\",\"itemListElement\":[{\"@type\":\"ListItem\",\"position\":1,\"name\":\"Anasayfa\",\"item\":\"https:\\\/\\\/www.akemkimya.com.tr\\\/satis\\\/\"},{\"@type\":\"ListItem\",\"position\":2,\"name\":\"Ma\u011faza\",\"item\":\"https:\\\/\\\/www.akemkimya.com.tr\\\/satis\\\/magaza\\\/\"},{\"@type\":\"ListItem\",\"position\":3,\"name\":\"PLAS P AIRCRAFT TYPE 2\"}]},{\"@type\":\"WebSite\",\"@id\":\"https:\\\/\\\/www.akemkimya.com.tr\\\/satis\\\/#website\",\"url\":\"https:\\\/\\\/www.akemkimya.com.tr\\\/satis\\\/\",\"name\":\"Akem Kimya\",\"description\":\"San. ve Tic. Ltd. \u015eti.\",\"publisher\":{\"@id\":\"https:\\\/\\\/www.akemkimya.com.tr\\\/satis\\\/#organization\"},\"potentialAction\":[{\"@type\":\"SearchAction\",\"target\":{\"@type\":\"EntryPoint\",\"urlTemplate\":\"https:\\\/\\\/www.akemkimya.com.tr\\\/satis\\\/?s={search_term_string}\"},\"query-input\":{\"@type\":\"PropertyValueSpecification\",\"valueRequired\":true,\"valueName\":\"search_term_string\"}}],\"inLanguage\":\"tr\"},{\"@type\":\"Organization\",\"@id\":\"https:\\\/\\\/www.akemkimya.com.tr\\\/satis\\\/#organization\",\"name\":\"Akem Kimya\",\"url\":\"https:\\\/\\\/www.akemkimya.com.tr\\\/satis\\\/\",\"logo\":{\"@type\":\"ImageObject\",\"inLanguage\":\"tr\",\"@id\":\"https:\\\/\\\/www.akemkimya.com.tr\\\/satis\\\/#\\\/schema\\\/logo\\\/image\\\/\",\"url\":\"https:\\\/\\\/www.akemkimya.com.tr\\\/satis\\\/wp-content\\\/uploads\\\/2021\\\/09\\\/akemkimya-logo.jpg\",\"contentUrl\":\"https:\\\/\\\/www.akemkimya.com.tr\\\/satis\\\/wp-content\\\/uploads\\\/2021\\\/09\\\/akemkimya-logo.jpg\",\"width\":379,\"height\":105,\"caption\":\"Akem Kimya\"},\"image\":{\"@id\":\"https:\\\/\\\/www.akemkimya.com.tr\\\/satis\\\/#\\\/schema\\\/logo\\\/image\\\/\"}}]}<\/script>\n<!-- \/ Yoast SEO plugin. -->","yoast_head_json":{"title":"PLAS P AIRCRAFT TYPE 2 | Akem Kimya","robots":{"index":"index","follow":"follow","max-snippet":"max-snippet:-1","max-image-preview":"max-image-preview:large","max-video-preview":"max-video-preview:-1"},"canonical":"https:\/\/www.akemkimya.com.tr\/satis\/urun\/plas-p-aircraft-type-2\/","og_locale":"tr_TR","og_type":"article","og_title":"PLAS P AIRCRAFT TYPE 2 | Akem Kimya","og_description":"Fiyatlar\u0131m\u0131za Kdv %20 Dahildir.  Ambalaj 30 Kg Bidon  Kargo Al\u0131c\u0131ya Aittir.  Mng Kargo veya Aras Kargo ile G\u00f6nderilir.","og_url":"https:\/\/www.akemkimya.com.tr\/satis\/urun\/plas-p-aircraft-type-2\/","og_site_name":"Akem Kimya","article_modified_time":"2026-02-10T10:58:47+00:00","og_image":[{"width":1275,"height":1650,"url":"https:\/\/www.akemkimya.com.tr\/satis\/wp-content\/uploads\/2022\/04\/1_page-0001.jpg","type":"image\/jpeg"}],"twitter_card":"summary_large_image","twitter_misc":{"Tahmini okuma s\u00fcresi":"2 dakika"},"schema":{"@context":"https:\/\/schema.org","@graph":[{"@type":"WebPage","@id":"https:\/\/www.akemkimya.com.tr\/satis\/urun\/plas-p-aircraft-type-2\/","url":"https:\/\/www.akemkimya.com.tr\/satis\/urun\/plas-p-aircraft-type-2\/","name":"PLAS P AIRCRAFT TYPE 2 | Akem Kimya","isPartOf":{"@id":"https:\/\/www.akemkimya.com.tr\/satis\/#website"},"primaryImageOfPage":{"@id":"https:\/\/www.akemkimya.com.tr\/satis\/urun\/plas-p-aircraft-type-2\/#primaryimage"},"image":{"@id":"https:\/\/www.akemkimya.com.tr\/satis\/urun\/plas-p-aircraft-type-2\/#primaryimage"},"thumbnailUrl":"https:\/\/www.akemkimya.com.tr\/satis\/wp-content\/uploads\/2022\/04\/1_page-0001.jpg","datePublished":"2022-04-05T11:48:27+00:00","dateModified":"2026-02-10T10:58:47+00:00","breadcrumb":{"@id":"https:\/\/www.akemkimya.com.tr\/satis\/urun\/plas-p-aircraft-type-2\/#breadcrumb"},"inLanguage":"tr","potentialAction":[{"@type":"ReadAction","target":["https:\/\/www.akemkimya.com.tr\/satis\/urun\/plas-p-aircraft-type-2\/"]}]},{"@type":"ImageObject","inLanguage":"tr","@id":"https:\/\/www.akemkimya.com.tr\/satis\/urun\/plas-p-aircraft-type-2\/#primaryimage","url":"https:\/\/www.akemkimya.com.tr\/satis\/wp-content\/uploads\/2022\/04\/1_page-0001.jpg","contentUrl":"https:\/\/www.akemkimya.com.tr\/satis\/wp-content\/uploads\/2022\/04\/1_page-0001.jpg","width":1275,"height":1650},{"@type":"BreadcrumbList","@id":"https:\/\/www.akemkimya.com.tr\/satis\/urun\/plas-p-aircraft-type-2\/#breadcrumb","itemListElement":[{"@type":"ListItem","position":1,"name":"Anasayfa","item":"https:\/\/www.akemkimya.com.tr\/satis\/"},{"@type":"ListItem","position":2,"name":"Ma\u011faza","item":"https:\/\/www.akemkimya.com.tr\/satis\/magaza\/"},{"@type":"ListItem","position":3,"name":"PLAS P AIRCRAFT TYPE 2"}]},{"@type":"WebSite","@id":"https:\/\/www.akemkimya.com.tr\/satis\/#website","url":"https:\/\/www.akemkimya.com.tr\/satis\/","name":"Akem Kimya","description":"San. ve Tic. Ltd. \u015eti.","publisher":{"@id":"https:\/\/www.akemkimya.com.tr\/satis\/#organization"},"potentialAction":[{"@type":"SearchAction","target":{"@type":"EntryPoint","urlTemplate":"https:\/\/www.akemkimya.com.tr\/satis\/?s={search_term_string}"},"query-input":{"@type":"PropertyValueSpecification","valueRequired":true,"valueName":"search_term_string"}}],"inLanguage":"tr"},{"@type":"Organization","@id":"https:\/\/www.akemkimya.com.tr\/satis\/#organization","name":"Akem Kimya","url":"https:\/\/www.akemkimya.com.tr\/satis\/","logo":{"@type":"ImageObject","inLanguage":"tr","@id":"https:\/\/www.akemkimya.com.tr\/satis\/#\/schema\/logo\/image\/","url":"https:\/\/www.akemkimya.com.tr\/satis\/wp-content\/uploads\/2021\/09\/akemkimya-logo.jpg","contentUrl":"https:\/\/www.akemkimya.com.tr\/satis\/wp-content\/uploads\/2021\/09\/akemkimya-logo.jpg","width":379,"height":105,"caption":"Akem Kimya"},"image":{"@id":"https:\/\/www.akemkimya.com.tr\/satis\/#\/schema\/logo\/image\/"}}]}},"_links":{"self":[{"href":"https:\/\/www.akemkimya.com.tr\/satis\/wp-json\/wp\/v2\/product\/497","targetHints":{"allow":["GET"]}}],"collection":[{"href":"https:\/\/www.akemkimya.com.tr\/satis\/wp-json\/wp\/v2\/product"}],"about":[{"href":"https:\/\/www.akemkimya.com.tr\/satis\/wp-json\/wp\/v2\/types\/product"}],"replies":[{"embeddable":true,"href":"https:\/\/www.akemkimya.com.tr\/satis\/wp-json\/wp\/v2\/comments?post=497"}],"wp:featuredmedia":[{"embeddable":true,"href":"https:\/\/www.akemkimya.com.tr\/satis\/wp-json\/wp\/v2\/media\/495"}],"wp:attachment":[{"href":"https:\/\/www.akemkimya.com.tr\/satis\/wp-json\/wp\/v2\/media?parent=497"}],"wp:term":[{"taxonomy":"product_brand","embeddable":true,"href":"https:\/\/www.akemkimya.com.tr\/satis\/wp-json\/wp\/v2\/product_brand?post=497"},{"taxonomy":"product_cat","embeddable":true,"href":"https:\/\/www.akemkimya.com.tr\/satis\/wp-json\/wp\/v2\/product_cat?post=497"},{"taxonomy":"product_tag","embeddable":true,"href":"https:\/\/www.akemkimya.com.tr\/satis\/wp-json\/wp\/v2\/product_tag?post=497"}],"curies":[{"name":"wp","href":"https:\/\/api.w.org\/{rel}","templated":true}]}}