{"id":739,"date":"2024-04-27T11:13:10","date_gmt":"2024-04-27T08:13:10","guid":{"rendered":"https:\/\/www.akemkimya.com.tr\/satis\/?post_type=product&#038;p=739"},"modified":"2024-09-03T10:08:49","modified_gmt":"2024-09-03T07:08:49","slug":"boya-sokucu-jel","status":"publish","type":"product","link":"https:\/\/www.akemkimya.com.tr\/satis\/urun\/boya-sokucu-jel\/","title":{"rendered":"BOYA S\u00d6K\u00dcC\u00dc JEL"},"content":{"rendered":"<p>Boya s\u00f6k\u00fcc\u00fc jel kimyasal \u00fcr\u00fcn\u00fcm\u00fcz\u00a0 jel boya s\u00f6k\u00fcc\u00fc\u00a0 boyal\u0131 metal, demir, al\u00fcminyum gibi malzemelerin boyas\u0131n\u0131 \u00e7\u0131karmak, s\u00f6kmek, temizlemek i\u00e7in jel formunda \u00fcretilen solvent bazl\u0131 boya s\u00f6k\u00fcc\u00fc kimyasald\u0131r. Jel yap\u0131s\u0131 sayesinde dik y\u00fczeylerde de tam bir yap\u0131\u015fma sa\u011flar. Bu yap\u0131\u015fma, jel boya s\u00f6k\u00fcc\u00fc \u00fcr\u00fcn\u00fcm\u00fcz\u00fcn h\u0131zl\u0131 bir \u015fekilde tepkimeye girerek boya ve metalin birbirinden ayr\u0131lmas\u0131n\u0131, boyan\u0131n kabuk gibi metalden koparak spatula veya bas\u0131n\u00e7l\u0131 su ile kolayca temizlenmesini sa\u011flar.<\/p>\n<p>Nerelerde Kullan\u0131r\u0131m ? Her t\u00fcr sa\u00e7 zeminde kullan\u0131l\u0131r zeminde kullan\u0131labilir . \u00dcr\u00fcn \u00d6zellikleri : Solvent bazl\u0131,etkili bir boya s\u00f6k\u00fcc\u00fcs\u00fcd\u00fcr. Her t\u00fcrl\u00fc eski boyan\u0131n y\u00fczeyden \u00e7\u0131kar\u0131lmas\u0131 i\u00e7in kullan\u0131l\u0131r Nas\u0131l Kullan\u0131r\u0131m ? Y\u00fczeyden s\u00f6k\u00fclecek boyan\u0131n \u00fczerine f\u0131r\u00e7a ile s\u00fcr\u00fcl\u00fcr 15-20 dk beklenir,kabaran boya y\u00fczeyden spatula yard\u0131m\u0131yla \u00e7\u0131kart\u0131l\u0131r D\u0130\u0130KKAT: D\u0130KKAT ED\u0130LMES\u0130 GEREKEN HUSUS KULLANIRKEN ELLE VEYA C\u0130LD\u0130N\u0130ZE TEMAS ETT\u0130RMEMEYE D\u0130KKAT ETMEN\u0130Z GEREK\u0130R. ETT\u0130\u011e\u0130 TAKT\u0130RDE BOL SU \u0130LE YIKAMALISINIZ. KULLANIRKEN ELD\u0130VEN KULLANMAYA \u00d6ZEN G\u00d6STER\u0130N\u0130Z.<\/p>\n","protected":false},"excerpt":{"rendered":"<div class=\"woocommerce-product-details__short-description\">\n<p>Fiyatlar\u0131m\u0131za %20 Kdv Dahildir.<\/p>\n<p>\u00dcr\u00fcn Ambalaj\u0131 1 KG\u2019 dir.<\/p>\n<p>Kargo al\u0131c\u0131ya aittir.<\/p>\n<\/div>\n","protected":false},"featured_media":740,"comment_status":"open","ping_status":"closed","template":"","meta":[],"product_brand":[],"product_cat":[24],"product_tag":[],"class_list":{"0":"post-739","1":"product","2":"type-product","3":"status-publish","4":"has-post-thumbnail","6":"product_cat-endustriyel-kimyasallar","8":"first","9":"outofstock","10":"shipping-taxable","11":"purchasable","12":"product-type-simple"},"yoast_head":"<!-- This site is optimized with the Yoast SEO plugin v27.4 - https:\/\/yoast.com\/product\/yoast-seo-wordpress\/ -->\n<title>BOYA S\u00d6K\u00dcC\u00dc JEL | Akem Kimya<\/title>\n<meta name=\"description\" content=\"boya s\u00f6k\u00fcc\u00fc , boya s\u00f6k\u00fcc\u00fc jel , metal boya s\u00f6k\u00fcc\u00fc , araba boya s\u00f6k\u00fcc\u00fc , demir boya s\u00f6k\u00fcc\u00fc , jel boya s\u00f6k\u00fcc\u00fc , al\u00fcminyum boya s\u00f6k\u00fcc\u00fc , kaporta boya s\u00f6k\u00fcc\u00fc\" \/>\n<meta name=\"robots\" content=\"index, follow, max-snippet:-1, max-image-preview:large, max-video-preview:-1\" \/>\n<link rel=\"canonical\" href=\"https:\/\/www.akemkimya.com.tr\/satis\/urun\/boya-sokucu-jel\/\" \/>\n<meta property=\"og:locale\" content=\"tr_TR\" \/>\n<meta property=\"og:type\" content=\"article\" \/>\n<meta property=\"og:title\" content=\"BOYA S\u00d6K\u00dcC\u00dc JEL | Akem Kimya\" \/>\n<meta property=\"og:description\" content=\"boya s\u00f6k\u00fcc\u00fc , boya s\u00f6k\u00fcc\u00fc jel , metal boya s\u00f6k\u00fcc\u00fc , araba boya s\u00f6k\u00fcc\u00fc , demir boya s\u00f6k\u00fcc\u00fc , jel boya s\u00f6k\u00fcc\u00fc , al\u00fcminyum boya s\u00f6k\u00fcc\u00fc , kaporta boya s\u00f6k\u00fcc\u00fc\" \/>\n<meta property=\"og:url\" content=\"https:\/\/www.akemkimya.com.tr\/satis\/urun\/boya-sokucu-jel\/\" \/>\n<meta property=\"og:site_name\" content=\"Akem Kimya\" \/>\n<meta property=\"article:modified_time\" content=\"2024-09-03T07:08:49+00:00\" \/>\n<meta property=\"og:image\" content=\"https:\/\/www.akemkimya.com.tr\/satis\/wp-content\/uploads\/2024\/04\/BOYA-SOKUCU-JEL_page-0001.jpg\" \/>\n\t<meta property=\"og:image:width\" content=\"1275\" \/>\n\t<meta property=\"og:image:height\" content=\"1650\" \/>\n\t<meta property=\"og:image:type\" content=\"image\/jpeg\" \/>\n<meta name=\"twitter:card\" content=\"summary_large_image\" \/>\n<meta name=\"twitter:label1\" content=\"Tahmini okuma s\u00fcresi\" \/>\n\t<meta name=\"twitter:data1\" content=\"1 dakika\" \/>\n<script type=\"application\/ld+json\" class=\"yoast-schema-graph\">{\"@context\":\"https:\\\/\\\/schema.org\",\"@graph\":[{\"@type\":\"WebPage\",\"@id\":\"https:\\\/\\\/www.akemkimya.com.tr\\\/satis\\\/urun\\\/boya-sokucu-jel\\\/\",\"url\":\"https:\\\/\\\/www.akemkimya.com.tr\\\/satis\\\/urun\\\/boya-sokucu-jel\\\/\",\"name\":\"BOYA S\u00d6K\u00dcC\u00dc JEL | Akem Kimya\",\"isPartOf\":{\"@id\":\"https:\\\/\\\/www.akemkimya.com.tr\\\/satis\\\/#website\"},\"primaryImageOfPage\":{\"@id\":\"https:\\\/\\\/www.akemkimya.com.tr\\\/satis\\\/urun\\\/boya-sokucu-jel\\\/#primaryimage\"},\"image\":{\"@id\":\"https:\\\/\\\/www.akemkimya.com.tr\\\/satis\\\/urun\\\/boya-sokucu-jel\\\/#primaryimage\"},\"thumbnailUrl\":\"https:\\\/\\\/www.akemkimya.com.tr\\\/satis\\\/wp-content\\\/uploads\\\/2024\\\/04\\\/BOYA-SOKUCU-JEL_page-0001.jpg\",\"datePublished\":\"2024-04-27T08:13:10+00:00\",\"dateModified\":\"2024-09-03T07:08:49+00:00\",\"description\":\"boya s\u00f6k\u00fcc\u00fc , boya s\u00f6k\u00fcc\u00fc jel , metal boya s\u00f6k\u00fcc\u00fc , araba boya s\u00f6k\u00fcc\u00fc , demir boya s\u00f6k\u00fcc\u00fc , jel boya s\u00f6k\u00fcc\u00fc , al\u00fcminyum boya s\u00f6k\u00fcc\u00fc , kaporta boya s\u00f6k\u00fcc\u00fc\",\"breadcrumb\":{\"@id\":\"https:\\\/\\\/www.akemkimya.com.tr\\\/satis\\\/urun\\\/boya-sokucu-jel\\\/#breadcrumb\"},\"inLanguage\":\"tr\",\"potentialAction\":[{\"@type\":\"ReadAction\",\"target\":[\"https:\\\/\\\/www.akemkimya.com.tr\\\/satis\\\/urun\\\/boya-sokucu-jel\\\/\"]}]},{\"@type\":\"ImageObject\",\"inLanguage\":\"tr\",\"@id\":\"https:\\\/\\\/www.akemkimya.com.tr\\\/satis\\\/urun\\\/boya-sokucu-jel\\\/#primaryimage\",\"url\":\"https:\\\/\\\/www.akemkimya.com.tr\\\/satis\\\/wp-content\\\/uploads\\\/2024\\\/04\\\/BOYA-SOKUCU-JEL_page-0001.jpg\",\"contentUrl\":\"https:\\\/\\\/www.akemkimya.com.tr\\\/satis\\\/wp-content\\\/uploads\\\/2024\\\/04\\\/BOYA-SOKUCU-JEL_page-0001.jpg\",\"width\":1275,\"height\":1650},{\"@type\":\"BreadcrumbList\",\"@id\":\"https:\\\/\\\/www.akemkimya.com.tr\\\/satis\\\/urun\\\/boya-sokucu-jel\\\/#breadcrumb\",\"itemListElement\":[{\"@type\":\"ListItem\",\"position\":1,\"name\":\"Anasayfa\",\"item\":\"https:\\\/\\\/www.akemkimya.com.tr\\\/satis\\\/\"},{\"@type\":\"ListItem\",\"position\":2,\"name\":\"Ma\u011faza\",\"item\":\"https:\\\/\\\/www.akemkimya.com.tr\\\/satis\\\/magaza\\\/\"},{\"@type\":\"ListItem\",\"position\":3,\"name\":\"BOYA S\u00d6K\u00dcC\u00dc JEL\"}]},{\"@type\":\"WebSite\",\"@id\":\"https:\\\/\\\/www.akemkimya.com.tr\\\/satis\\\/#website\",\"url\":\"https:\\\/\\\/www.akemkimya.com.tr\\\/satis\\\/\",\"name\":\"Akem Kimya\",\"description\":\"San. ve Tic. Ltd. \u015eti.\",\"publisher\":{\"@id\":\"https:\\\/\\\/www.akemkimya.com.tr\\\/satis\\\/#organization\"},\"potentialAction\":[{\"@type\":\"SearchAction\",\"target\":{\"@type\":\"EntryPoint\",\"urlTemplate\":\"https:\\\/\\\/www.akemkimya.com.tr\\\/satis\\\/?s={search_term_string}\"},\"query-input\":{\"@type\":\"PropertyValueSpecification\",\"valueRequired\":true,\"valueName\":\"search_term_string\"}}],\"inLanguage\":\"tr\"},{\"@type\":\"Organization\",\"@id\":\"https:\\\/\\\/www.akemkimya.com.tr\\\/satis\\\/#organization\",\"name\":\"Akem Kimya\",\"url\":\"https:\\\/\\\/www.akemkimya.com.tr\\\/satis\\\/\",\"logo\":{\"@type\":\"ImageObject\",\"inLanguage\":\"tr\",\"@id\":\"https:\\\/\\\/www.akemkimya.com.tr\\\/satis\\\/#\\\/schema\\\/logo\\\/image\\\/\",\"url\":\"https:\\\/\\\/www.akemkimya.com.tr\\\/satis\\\/wp-content\\\/uploads\\\/2021\\\/09\\\/akemkimya-logo.jpg\",\"contentUrl\":\"https:\\\/\\\/www.akemkimya.com.tr\\\/satis\\\/wp-content\\\/uploads\\\/2021\\\/09\\\/akemkimya-logo.jpg\",\"width\":379,\"height\":105,\"caption\":\"Akem Kimya\"},\"image\":{\"@id\":\"https:\\\/\\\/www.akemkimya.com.tr\\\/satis\\\/#\\\/schema\\\/logo\\\/image\\\/\"}}]}<\/script>\n<!-- \/ Yoast SEO plugin. -->","yoast_head_json":{"title":"BOYA S\u00d6K\u00dcC\u00dc JEL | Akem Kimya","description":"boya s\u00f6k\u00fcc\u00fc , boya s\u00f6k\u00fcc\u00fc jel , metal boya s\u00f6k\u00fcc\u00fc , araba boya s\u00f6k\u00fcc\u00fc , demir boya s\u00f6k\u00fcc\u00fc , jel boya s\u00f6k\u00fcc\u00fc , al\u00fcminyum boya s\u00f6k\u00fcc\u00fc , kaporta boya s\u00f6k\u00fcc\u00fc","robots":{"index":"index","follow":"follow","max-snippet":"max-snippet:-1","max-image-preview":"max-image-preview:large","max-video-preview":"max-video-preview:-1"},"canonical":"https:\/\/www.akemkimya.com.tr\/satis\/urun\/boya-sokucu-jel\/","og_locale":"tr_TR","og_type":"article","og_title":"BOYA S\u00d6K\u00dcC\u00dc JEL | Akem Kimya","og_description":"boya s\u00f6k\u00fcc\u00fc , boya s\u00f6k\u00fcc\u00fc jel , metal boya s\u00f6k\u00fcc\u00fc , araba boya s\u00f6k\u00fcc\u00fc , demir boya s\u00f6k\u00fcc\u00fc , jel boya s\u00f6k\u00fcc\u00fc , al\u00fcminyum boya s\u00f6k\u00fcc\u00fc , kaporta boya s\u00f6k\u00fcc\u00fc","og_url":"https:\/\/www.akemkimya.com.tr\/satis\/urun\/boya-sokucu-jel\/","og_site_name":"Akem Kimya","article_modified_time":"2024-09-03T07:08:49+00:00","og_image":[{"width":1275,"height":1650,"url":"https:\/\/www.akemkimya.com.tr\/satis\/wp-content\/uploads\/2024\/04\/BOYA-SOKUCU-JEL_page-0001.jpg","type":"image\/jpeg"}],"twitter_card":"summary_large_image","twitter_misc":{"Tahmini okuma s\u00fcresi":"1 dakika"},"schema":{"@context":"https:\/\/schema.org","@graph":[{"@type":"WebPage","@id":"https:\/\/www.akemkimya.com.tr\/satis\/urun\/boya-sokucu-jel\/","url":"https:\/\/www.akemkimya.com.tr\/satis\/urun\/boya-sokucu-jel\/","name":"BOYA S\u00d6K\u00dcC\u00dc JEL | Akem Kimya","isPartOf":{"@id":"https:\/\/www.akemkimya.com.tr\/satis\/#website"},"primaryImageOfPage":{"@id":"https:\/\/www.akemkimya.com.tr\/satis\/urun\/boya-sokucu-jel\/#primaryimage"},"image":{"@id":"https:\/\/www.akemkimya.com.tr\/satis\/urun\/boya-sokucu-jel\/#primaryimage"},"thumbnailUrl":"https:\/\/www.akemkimya.com.tr\/satis\/wp-content\/uploads\/2024\/04\/BOYA-SOKUCU-JEL_page-0001.jpg","datePublished":"2024-04-27T08:13:10+00:00","dateModified":"2024-09-03T07:08:49+00:00","description":"boya s\u00f6k\u00fcc\u00fc , boya s\u00f6k\u00fcc\u00fc jel , metal boya s\u00f6k\u00fcc\u00fc , araba boya s\u00f6k\u00fcc\u00fc , demir boya s\u00f6k\u00fcc\u00fc , jel boya s\u00f6k\u00fcc\u00fc , al\u00fcminyum boya s\u00f6k\u00fcc\u00fc , kaporta boya s\u00f6k\u00fcc\u00fc","breadcrumb":{"@id":"https:\/\/www.akemkimya.com.tr\/satis\/urun\/boya-sokucu-jel\/#breadcrumb"},"inLanguage":"tr","potentialAction":[{"@type":"ReadAction","target":["https:\/\/www.akemkimya.com.tr\/satis\/urun\/boya-sokucu-jel\/"]}]},{"@type":"ImageObject","inLanguage":"tr","@id":"https:\/\/www.akemkimya.com.tr\/satis\/urun\/boya-sokucu-jel\/#primaryimage","url":"https:\/\/www.akemkimya.com.tr\/satis\/wp-content\/uploads\/2024\/04\/BOYA-SOKUCU-JEL_page-0001.jpg","contentUrl":"https:\/\/www.akemkimya.com.tr\/satis\/wp-content\/uploads\/2024\/04\/BOYA-SOKUCU-JEL_page-0001.jpg","width":1275,"height":1650},{"@type":"BreadcrumbList","@id":"https:\/\/www.akemkimya.com.tr\/satis\/urun\/boya-sokucu-jel\/#breadcrumb","itemListElement":[{"@type":"ListItem","position":1,"name":"Anasayfa","item":"https:\/\/www.akemkimya.com.tr\/satis\/"},{"@type":"ListItem","position":2,"name":"Ma\u011faza","item":"https:\/\/www.akemkimya.com.tr\/satis\/magaza\/"},{"@type":"ListItem","position":3,"name":"BOYA S\u00d6K\u00dcC\u00dc JEL"}]},{"@type":"WebSite","@id":"https:\/\/www.akemkimya.com.tr\/satis\/#website","url":"https:\/\/www.akemkimya.com.tr\/satis\/","name":"Akem Kimya","description":"San. ve Tic. Ltd. \u015eti.","publisher":{"@id":"https:\/\/www.akemkimya.com.tr\/satis\/#organization"},"potentialAction":[{"@type":"SearchAction","target":{"@type":"EntryPoint","urlTemplate":"https:\/\/www.akemkimya.com.tr\/satis\/?s={search_term_string}"},"query-input":{"@type":"PropertyValueSpecification","valueRequired":true,"valueName":"search_term_string"}}],"inLanguage":"tr"},{"@type":"Organization","@id":"https:\/\/www.akemkimya.com.tr\/satis\/#organization","name":"Akem Kimya","url":"https:\/\/www.akemkimya.com.tr\/satis\/","logo":{"@type":"ImageObject","inLanguage":"tr","@id":"https:\/\/www.akemkimya.com.tr\/satis\/#\/schema\/logo\/image\/","url":"https:\/\/www.akemkimya.com.tr\/satis\/wp-content\/uploads\/2021\/09\/akemkimya-logo.jpg","contentUrl":"https:\/\/www.akemkimya.com.tr\/satis\/wp-content\/uploads\/2021\/09\/akemkimya-logo.jpg","width":379,"height":105,"caption":"Akem Kimya"},"image":{"@id":"https:\/\/www.akemkimya.com.tr\/satis\/#\/schema\/logo\/image\/"}}]}},"_links":{"self":[{"href":"https:\/\/www.akemkimya.com.tr\/satis\/wp-json\/wp\/v2\/product\/739","targetHints":{"allow":["GET"]}}],"collection":[{"href":"https:\/\/www.akemkimya.com.tr\/satis\/wp-json\/wp\/v2\/product"}],"about":[{"href":"https:\/\/www.akemkimya.com.tr\/satis\/wp-json\/wp\/v2\/types\/product"}],"replies":[{"embeddable":true,"href":"https:\/\/www.akemkimya.com.tr\/satis\/wp-json\/wp\/v2\/comments?post=739"}],"wp:featuredmedia":[{"embeddable":true,"href":"https:\/\/www.akemkimya.com.tr\/satis\/wp-json\/wp\/v2\/media\/740"}],"wp:attachment":[{"href":"https:\/\/www.akemkimya.com.tr\/satis\/wp-json\/wp\/v2\/media?parent=739"}],"wp:term":[{"taxonomy":"product_brand","embeddable":true,"href":"https:\/\/www.akemkimya.com.tr\/satis\/wp-json\/wp\/v2\/product_brand?post=739"},{"taxonomy":"product_cat","embeddable":true,"href":"https:\/\/www.akemkimya.com.tr\/satis\/wp-json\/wp\/v2\/product_cat?post=739"},{"taxonomy":"product_tag","embeddable":true,"href":"https:\/\/www.akemkimya.com.tr\/satis\/wp-json\/wp\/v2\/product_tag?post=739"}],"curies":[{"name":"wp","href":"https:\/\/api.w.org\/{rel}","templated":true}]}}